alculate -1 - (-4 - -10 - 7) - -2.
2
Evaluate (-11 - -8) + 1 - (-2 + 3).
-3
What is (9 + -1 - (-2 - -12)) + 2?
0
(1 - (2 + -7 + 7)) + 7
6
Calculate -8 - (2 + -9 + -3).
2
What is 11 - (-4 + 7) - (-1 + 4)?
5
Evaluate (2 - 1) + (4 - -4 - 3).
6
What is the value of (-4 - (1 - 4)) + 0?
-1
(2 - 8) + -10 + 12
-4
Calculate 2 + -2 + 15 + -11 + -5.
-1
Evaluate (2 - 1 - (-2 + 5)) + 4.
2
Calculate 11 + -3 + -4 + 0.
4
Evaluate -2 + (20 + -18 - (0 + 3)).
-3
What is the value of (1 - 4) + (3 - (4 + -1))?
-3
Calculate -3 - ((7 - (-4 + 8)) + -3).
-3
Calculate 5 + (14 + 0 + -8 - 8).
3
(-1 - -8) + (1 - 5) + -7
-4
Calculate (1 - 0 - (2 + -2)) + -3.
-2
What is 3 - (-5 - -6 - 3) - 6?
-1
Evaluate 4 - (-3 + (7 - (-1 - -2))).
1
What is the value of (4 - (0 - -4)) + 2 + -5?
-3
What is -2 - (2 + (-3 - -7))?
-8
Calculate -6 + -3 + 4 + 13.
8
What is the value of 4 + -1 + (4 - (-2 - -7))?
2
Calculate -9 + (-8 - (-6 + -5)).
-6
Calculate -3 + (4 - 8) - -2.
-5
18 - 11 - (5 - 1)
3
Evaluate -6 + 1 + -2 + -2 + 4.
-5
What is the value of 4 - (-2 + (6 - 0))?
0
Calculate 125 - 127 - (0 - (0 + -1)).
-3
What is -5 + (6 - 7) - (-9 - -4)?
-1
What is the value of (-1 - 0) + -56 + 62?
5
What is (1 - 5) + 5 + -1?
0
Evaluate 1 + (7 - (-4 - -7)).
5
Calculate (5 - 6) + 2 - 5 - -6.
2
What is the value of (1 - 3) + (2 - (-3 - -6))?
-3
Calculate 9 - (-3 + -5 + 13).
4
1 + -6 - (-53 - -51)
-3
What is the value of 2 + (-1 - (4 + 1))?
-4
4 + (-8 - (5 - 7)) + 6
4
(5 - 5) + 0 + -2 + -3
-5
Evaluate 1 + -3 + -4 + (4 - -4).
2
What is 6 + -2 + -18 + 27 + -20?
-7
Calculate -6 + 1 + -3 + 13 + -4.
1
Evaluate -10 - (-18 + 8) - -7.
7
Calculate 1 + 0 + -1 - (54 - 54).
0
Evaluate 2 - (-2 + 7) - -9.
6
Calculate -3 + (-1 - (0 + -5)) + -5.
-4
5 - (-2 - -7 - -1) - -2
1
Evaluate -1 + 6 - (-8 - -10).
3
Evaluate (-10 + 16 - 4) + -4.
-2
Evaluate -5 + 9 - (4 - 0).
0
What is the value of 0 + -6 - ((-1 - 2) + 1)?
-4
What is 2 + 1 - 4 - 2?
-3
Calculate (-1 - 2) + 1 + -2.
-4
What is -2 + -2 + (-12 - (-14 + -5))?
3
Calculate (-3 - -11) + (2 - 6).
4
Calculate 29 - 34 - ((-2 - -3) + -13).
7
Calculate -13 - (-5 + 10 + -11).
-7
What is -7 + 9 + -5 + 5?
2
Calculate -6 + (7 - 3) + -2.
-4
Calculate 0 + (-1 - 1 - 0) + 3.
1
(2 + 2 - -2) + -11
-5
Calculate -16 - -9 - -13 - 0.
6
Evaluate 10 + -2 + (-2 - 1).
5
Calculate 4 - 1 - (-2 + 0 - -6).
-1
Calculate (-1 - -3) + (-5 - -3).
0
Evaluate (4 - 1) + (8 - 12).
-1
1 - (5 + (-1 - 10) + 5)
2
What is the value of 4 - (-3 + 6 + 5)?
-4
Evaluate 4 - (3 + (0 - -4)).
-3
Calculate (-5 - -2 - -3) + (6 - 0).
6
(-12 - -10) + (3 - -7)
8
Evaluate 3 + -3 + -2 + (2 - 1).
-1
What is the value of 1 - ((4 - 8) + 0 + 5)?
0
Calculate -5 + 2 + 1 + 22 + -14.
6
What is the value of -2 + 8 + (-14 - -3)?
-5
What is the value of -3 - -4 - (2 + 0)?
-1
What is the value of -11 + (16 - 6) - 7?
-8
Evaluate -2 - (6 + -6) - (2 - 2).
-2
Evaluate 0 + -3 + 4 - 0.
1
What is -1 + -9 - (49 - 69)?
10
Evaluate (-10 - -10) + -8 - (2 - 4).
-6
What is -5 - (-2 + 0 - 1) - -3?
1
What is the value of -9 + 11 - (-4 + (4 - 1))?
3
10 + (-3 - 8) + -1
-2
Calculate 3 - -2 - (-17 - -12) - 5.
5
Calculate 0 + 2 + (-1 - (3 + 3)).
-5
1 + -6 + 4 - -2
1
Calculate (-5 + 5 - 1) + 0.
-1
What is -3 - (-4 - (1 + -2 + 1))?
1
Calculate -10 + 0 + 1 + 4 + 4.
-1
Evaluate 9 + (-9 - ((7 - 1) + -12)).
6
1 + (2 - (3 - 4)) - 0
4
Calculate 1 + -4 - (5 - (5 + 3)).
0
Calculate 13 + (7 - 16) + -8.
-4
Calculate -1 + 4 + 0 + -13 + 4.
-6
What is 11 - (11 + (10 - 13))?
3
Calculate 2 - (-7 + 11 + -3).
1
What is -11 - -4 - (-10 + -1)?
4
What is 7 - (5 + -6 + 3)?
5
Calculate 2 + (-6 - -1 - -4) + -2.
-1
What is the value of (2 + 7 - 6) + 5?
8
What is (-36 - -18) + (8 - 0)?
-10
Calculate 4 + -6 + (4 - 5).
-3
What is the value of -2 - (2 - (0 - -3))?
-1
Calculate 0 - (7 - 9 - (-2 + -3)).
-3
Evaluate 5 + -2 - ((-2 - -3) + 2).
0
Calculate -4 + (8 - (4 + 7 + -6)).
-1
Evaluate -13 - -5 - -4 - -2 - 0.
-2
Calculate -27 - -29 - (-1 + (0 - -3)).
0
What is -12 - (-4 + -8 + 7 + 3)?
-10
Evaluate 3 - (12 + 1 + -4).
-6
What is the value of 7 + -1 + (-19 - -29 - 13)?
3
Evaluate 31 - 38 - (2 - (8 + -2)).
-3
Evaluate 9 + -13 + 1 + 2.
-1
13 + -11 + -11 + 3 + 0
-6
5 - (1 + 0 + -3 + -4)
11
Calculate 5 + -1 - (-7 + 7).
4
Evaluate 16 + -16 + -5 - (0 + 2).
-7
Calculate 0 - -10 - (-3 - -7).
6
Evaluate 3 + (1 - 5) + -5 - -10.
4
What is 2 + -1 - (-4 + 7)?
-2
Calculate (2 - 0) + (7 - 4).
5
(29 - 20) + -17 + 2
-6
What is (3 - -9) + (-2 - 7)?
3
What is -4 - ((4 - 1) + -8)?
1
What is the value of (7 - 25 - -9) + 10?
1
-264 + 264 - (-1 - 2)
3
What is 217 + -216 + (-1 - 3)?
-3
Evaluate 19 + -17 + 1 + 1.
4
-48 + 53 + (1 - (4 - 1))
3
-5 - (-7 - (-11 - -12))
3
-6 + 4 + -3 + 4
-1
What is the value of -3 + -2 + 4 + (1 - 3)?
-3
What is 1 + (-3 - (3 - 1)) - -4?
0
What is the value of (-1 - (-2 - 0)) + 3 + -7?
-3
Evaluate (4 - 5) + (-6 - -2).
-5
-1 - 4 - (2 + -4 - 1)
-2
What is (-14 - (-4 - 2)) + 10?
2
Calculate -5 + (-2 - -6) - 3.
-4
Evaluate -1 + -1 + 3 - (14 + -17).
4
Calculate -1 + (-2 - (-4 + 0 - -4)).
-3
Calculate -1 + 2 + -3 + (7 - -2).
7
What is (1 - -3) + 10 + (-7 - 12)?
-5
What is (12 - (12 - -3)) + (6 - 0)?
3
-4 + 8 + (0 - (-1 + 8))
-3
What is the value of (0 + 13 - (-2 + 7)) + -3?
5
-8 - (-3 - (0 - -1))
-4
Evaluate (5 - 3) + (9 - 7).
4
Evaluate -3 + 11 - 1 - 9.
-2
4 - 0 - (13 + 3 - 10)
-2
-1 + -1 + -2 + (10 - 2)
4
What is (-10 - 5) + 10 + -2?
-7
Calculate -3 - ((5 - -1) + 20 + -26).
-3
-6 + 2 + 0 - (-14 - -15)
-5
Calculate -8 + 14 + 0 + -3 + 0.
3
3 - (1 - (3 - (1 - 1)))
5
What is 0 - (-3 + 0) - (-40 - -35)?
8
What is 5 - ((3 - 5) + 6)?
1
What is (5 - -2) + 6 + (-14 - -4)?
3
What is 12 + -9 - (12 - 2)?
-7
Evaluate (1 - 0 - (3 - 3)) + -7.
-6
-2 + -5 + -7 + 8
-6
Evaluate 15 + -17 + 0 + -3.
-5
Calculate 6 + -20 + 3 - -2.
-9
Calculate -1 - -1 - 2 - -3.
1
What is the value of -5 - (2 - 0) - -8 - 1?
0
What is the value of 3 - ((-12 - -4) + 10)?
1
Calculate 7 + -9 + (0 - 6).
-8
Calculate 3 + 3 + -1 + (2 - 3).
4
(1 - -6 - (6 - 7)) + -13
-5
What is 8 - (-5 - -8 - -3)?
2
Evaluate (3 + 1 - 3) + -1 + -1.
-1
What is the value of -10 - (-11 + -8 + 6)?
3
Calculate -11 - (-6 - 12 - -8).
-1
What is the value of 1 - 3 - (-2 - (0 - 0))?
0
What is 8 + (2 - 6) + (1 - 4)?
1
What is the value of -3 + 1 + 5 + -1?
2
Calculate (-2 - 1) + -1 - -2 - -7.
5
5 + (2 + 1 - 3)
5
What is 2 + 1 + 1 + -7?
-3
What is 3 + 0 + 2 + -3 - -4?
6
What is the value of -1 + (-2 - 4 - (-17 + 9))?
1
What is -2 + 1 + -4 + 0 - -6?
1
Calculate 5 + (-5 + -2 - 0).
-2
What is 0 - (-1 + (3 - (5 - 3)))?
0
Calculate 2 - 1 - (0 - 1).
2
(0 + (-3 - -1) - -1) + 6
5
What is the value of -1 + 1 - (4 - (-1 + 1))?
-4
What is the value of -70 + 61 - (-3 + -2)?
-4
(2 - -2) + (3 - 5)
2
(0 - -5) + 4 + -2 + 0
7
What is the value of 4 + (6 - 0) + -1 + -3?
6
-6 + 2 - (-3 + 3)
-4
Evaluate 2 - (-8 + 3 + 13).
-6
Evaluate 8 - 8 - (7 + -3 + 2).
-6
Calculate -8 - -4 - (1 - (-3 - -8)).
0
Calculate -4 - (-2 + -1 + 19 + -16).
-4
What is the value of (0 + -11 - -5) + 8?
2
Evaluate -3 + -1 - (35 + -34).
-5
Evaluate (16 - (7 + 8)) + (-1 - 3).
-3
What is (-7 - -1) + (-8 + -4 - -15)?
-3
What is 3 - (0 + -4 + -19 + 21)?
5
What is 8 + (9 + -13 - (-3 + 1))?
6
(-1 - 1) + 28 + -22 + -1
3
Evaluate -6 + (7 - (4 + -1 + -5)).
3
What is the value of (1 - (3 + -2) - -1) + -4?
-3
Evaluate 3 + 0 - (6 - 3 - 3).
3
What is (-4 - -2) + -6 - -4 - -1?
-3
What is the value of -2 + (-10 - 0) - -8?
-4
What is the value of -4 + (25 - 10) + (1 - 3)?
9
-5 + (14 - (-3 - -10))
2
What is (36 - 38) + (2 + 4 - -2)?
6
What is the value of 1 + -1 - (5 + -8)?
3
What is (6 - 6) + 2 - 3?
-1
What is the value of (-2 - 2 - -1) + (12 - 4)?
5
What is 2 + (-1 - (-3 + 4 + -2))?
2
-1 + 0 - (-4 - (-2 + 5))
6
What is the value of -2 + (4 - 5 - -2)?
-1
Calculate -2 + 2 + 1 - (-1 + 4).
-2
What is 6 + -9 + (3 - 2) + 6?
4
Evaluate 2 + 5 + -8 + 6.
5
Calculate (-2 - -6 - 2) + -7.
-5
What is the value of -23 + (-12 - (-3 + -22))?
-10
-7 + -5 + 2 + 10
0
Evaluate (5 - 1) + 8 + -5.
7
What is -4 - (-2 - 1) - 4?
-5
8 - (20 + -19 + 9)
-2
-1 - (3 - (5 + 3 + -4))
0
Calculate (1 - 7) + -1 - (63 + -80).
10
Evaluate -1 + (-2 + 0 - 1).
-4
4 + 4 + -4 + -5
-1
Calculate -4 - (-3 - -4) - -2 - 2.
-5
0 + 2 + 2 - (3 + -1)
2
What is the value of -38 + 41 + -2 + (1 - 0)?
2
Evaluate (-1 - 6) + -4 + 7 + 1.
-3
Evaluate -2 + -1 - (-2 + 2).
-3
What is the valu